
Let a be 61 + (-9)/((-45)/(-10)) + 4. Calculate the highest common factor of 9 and a.
9
Let t(y) = -y**3 + 10*y**2 - 14*y + 19. Let v be t(8). What is the highest common factor of v and 315?
35
Suppose 67*c - 8*c = 7434. What is the greatest common factor of 924 and c?
42
Let a(k) = k**3 - 4*k**2 + 3*k + 10. Let w be a(3). What is the greatest common factor of w and 6?
2
Suppose -3*c = -5*f - 34, 9*f = 8*f + 1. Let k = -224 - -315. What is the highest common factor of k and c?
13
Let p(c) = 68*c - 4. Let b be p(3). What is the greatest common factor of 40 and b?
40
Let j be (-5 - 1)*(-1 + 2). Let d = j - -46. Let i be d/3*(-18)/(-8). What is the greatest common divisor of i and 20?
10
Suppose 0*n - 4*n + 566 = -2*t, -2*t = 5*n - 721. Calculate the greatest common divisor of 77 and n.
11
Let o be 8 - 7 - (0 - -1). Suppose 3*v - 54 - 51 = o. Let y = -25 + v. Calculate the greatest common divisor of y and 80.
10
Let g(y) = 6*y**2 + 7*y + 27. Let h be g(-3). Calculate the greatest common divisor of h and 540.
60
Let b be ((-66)/8)/((-126)/840). Calculate the highest common factor of b and 44.
11
Let c = -809 + 2349. What is the highest common divisor of c and 77?
77
Let j = -47 + 54. Calculate the highest common factor of 28 and j.
7
Suppose -9*d = -13*d - 2*i + 114, 165 = 5*d - 5*i. Calculate the greatest common factor of 3 and d.
3
Suppose 4*s - 92 = -l, -3*l = 3*s + l - 82. Calculate the greatest common divisor of 198 and s.
22
Let z = -4 + 6. Let k be 13 + (1*4)/z. Suppose -9*t = -11*t + 240. What is the highest common divisor of k and t?
15
Let t = -12 - -27. Suppose 0 = -13*v + t*v - 22. What is the greatest common factor of v and 1?
1
Let u be 4/3*(7 + -2 - 2). Calculate the highest common factor of 148 and u.
4
Suppose -7 = 2*p - 3*h, h + 4 = 5*p + 2. Let z be (1 + -1)/p + 2. Suppose -5*w + 7 = z. Calculate the highest common divisor of w and 3.
1
Let f be 6/(2 - 5 - -2). Let s = -4 - f. Suppose s*q - 37 = -2*g + 7, -4*g - 128 = -5*q. What is the highest common factor of 168 and q?
24
Suppose 4 + 2 = 2*r, 5*r + 4505 = 4*c. Suppose 5*l - c = -2*q + 3*q, -l + 3*q = -240. Let h = -577 - -602. Calculate the highest common factor of h and l.
25
Suppose 2 + 2 = -3*r - 5*y, 0 = 4*r - 2*y - 38. Let v(o) = 5*o**2 + 2*o - 1. Let j be v(r). Let i = j + -178. What is the highest common divisor of i and 10?
10
Let k(w) = 100*w + 705. Let s be k(-7). What is the greatest common factor of s and 695?
5
Let k = 595 - 588. What is the highest common divisor of k and 28?
7
Let y(x) = 3*x + 31. Let j be y(-10). Let d be (0 + j)*(47 - 8). Calculate the greatest common divisor of 195 and d.
39
Let s = -13 + 34. Let o(z) = -3*z + 2. Let k be o(-3). Let p = k + -4. Calculate the greatest common divisor of s and p.
7
Suppose 2*t - 2*a - 292 = -78, 4*t + a = 443. Calculate the greatest common divisor of t and 88.
22
Suppose 5*f + 6 = 2*f. Let z(g) = 75*g**2 - 5*g + 3. Let m be z(1). Let w = m - f. What is the highest common factor of w and 15?
15
Let h = -705 - -710. Let i be 0 + 9/6*30. What is the highest common divisor of i and h?
5
Suppose 123 = 114*y - 219. What is the greatest common factor of 57 and y?
3
Let f = -2 - -29. Let j be (1/8*18)/((-13)/(-260)). Calculate the highest common divisor of j and f.
9
Suppose -2*v + 11 + 12 = -3*b, 0 = -4*v + 4*b + 52. Let x = -53743 - -53831. What is the highest common factor of x and v?
8
Let b be (-18)/(-6)*(-2)/3. Let u be (11 - 0/1) + b. What is the greatest common factor of 72 and u?
9
Let o = 80 - -193. Calculate the greatest common factor of o and 117.
39
Suppose 4*y + 4*z - 1156 = 0, -5*y + 793 = -2*z - 638. Calculate the greatest common factor of y and 164.
41
Let n = -45 - -23. Let f be 4/n - 168/(-77). What is the highest common divisor of 2 and f?
2
Let j(t) = 38*t - 90. Let o be j(11). What is the highest common factor of o and 123?
41
Suppose 0*h + 9 = 3*h. Suppose 4*n = 5*n - 15. Let z be 25*(69/n - 4). What is the greatest common divisor of h and z?
3
Suppose 0 = -2*d + 6, b + 4*d = -0*b + 16. Let v = b + -3. Suppose -18 = -7*g + 5*g. What is the greatest common divisor of g and v?
1
Suppose 4*c + m - 611 - 173 = 0, -5*c + 3*m + 997 = 0. Suppose c = 2*o - 89. Calculate the highest common factor of o and 13.
13
Suppose 3*u + 0*u = 39. Calculate the greatest common divisor of 611 and u.
13
Suppose 91*q - 183*q = -4140. Let d = -3 + 13. What is the highest common divisor of q and d?
5
Let k = -11 - -19. Suppose -3*n - k = p, 32 = -4*p + n - 0*n. Let q(s) = s**2 + 6*s + 11. Let d be q(p). Calculate the greatest common divisor of d and 18.
9
Let r = 18 - -114. Let f(s) = s**3 + 8*s**2 + 4*s. Let u be f(-6). Suppose 0 = 3*x + x - u. What is the greatest common divisor of r and x?
12
Suppose -3*u + 8 + 26 = p, p - 29 = -2*u. What is the greatest common factor of 152 and p?
19
Let v(x) = x**2 - 6*x + 10. Let g be v(2). Suppose -k + 176 = g*b, -2*k = -3*b - k + 274. What is the highest common factor of b and 36?
18
Let m = -10 - -13. Let u be (m/(-6))/((-4)/24). Calculate the highest common factor of 27 and u.
3
Let r = 399 - 218. Let m = r - 71. Calculate the greatest common divisor of m and 44.
22
Let z be 30/4 - (-12)/8. What is the greatest common divisor of 72 and z?
9
Suppose 3*m = -4*a + 193, -2*a = 2*m - m - 65. Suppose -5*y = 2*q - m, q - 4*y - 2 = -3. What is the greatest common divisor of 133 and q?
19
Suppose c - 1021 = -4*l, -2*l + 3*c + 497 = 8*c. Calculate the highest common divisor of l and 24.
8
Let f(j) = 8*j**2 + 34*j - 13. Let b be f(-13). What is the highest common factor of 26 and b?
13
Suppose 4*t + 130 = -t. Let w = -212 - -203. Let j = w - t. What is the greatest common divisor of j and 68?
17
Let y be (-2488)/(-6) - 6*(-7)/(-63). Let a = -246 + y. What is the highest common divisor of a and 21?
21
Suppose -39 = 5*n - 114. Let u(c) = 2*c**3 - 3*c**2 + 2*c - 3. Let t be u(2). What is the greatest common divisor of n and t?
5
Let w be 62 - (45/18 + (-1)/2). What is the highest common divisor of w and 660?
60
Let c(i) = 4*i**3 + 32*i**2 - 3*i - 17 - 3*i**3 - 40*i**2 + 10*i. Let u be c(8). What is the highest common factor of u and 26?
13
Let s be 25*(1 - -4 - 0). Suppose -25*w = -12 - 1238. Calculate the greatest common factor of s and w.
25
Suppose -23*w + 470 - 102 = 0. Suppose -d - 3 = -15. What is the greatest common factor of d and w?
4
Suppose 4*z = 2*m + 28, z = 5*m + 10 + 15. Suppose z*i - 318 = -4*n, -3*i - 2*n = -32 - 158. Let r = 92 - i. What is the highest common divisor of r and 3?
3
Let s(b) be the third derivative of b**4/8 + b**3/3 + 14*b**2. Let l be (-4)/3*-1*3. Let r be s(l). What is the highest common factor of 154 and r?
14
Let c be 1/4 + (-334)/(-8). Let k = -72 - -86. Calculate the highest common divisor of k and c.
14
Suppose -2*m - 5*w = -1296, -674 = 6*m - 7*m + 4*w. Calculate the greatest common divisor of m and 14.
14
Let i be (-16)/(-3) + (-88)/66. Suppose 2*l + i*v = -0 + 24, 4*l = -4*v + 64. What is the greatest common factor of l and 100?
20
Let s be 1/(-5) + (2744/(-35))/(-7). What is the greatest common factor of 187 and s?
11
Let d = -155 + -76. Let b = 452 + d. Let n be (-2)/8 - b/(-52). What is the highest common divisor of n and 32?
4
Suppose -i + 3107 = 835. Calculate the highest common factor of i and 71.
71
Let l(h) be the third derivative of -h**5/60 - h**4/2 - 4*h**3/3 + 13*h**2. Let y be l(-11). What is the greatest common divisor of y and 2?
1
Let t be (-6)/(-9) + 338/6 + 2. Let f = 61 - t. What is the greatest common divisor of f and 12?
2
Let b be 13/(-2 - (6 - 9)). Calculate the highest common factor of b and 26.
13
Suppose z + 8*p - 9 = 7*p, 36 = 4*z + 2*p. What is the greatest common factor of 72 and z?
9
Let m be (-111)/2220 - (-1002)/40. Calculate the highest common factor of 475 and m.
25
Let p(t) = t + 4. Let o be p(16). Let k(r) = 4*r**2 - 7*r + 8. Let b be k(-4). What is the greatest common factor of b and o?
20
Let z(t) = -t**3 + 8*t**2 - 3*t - 9. Let q be z(7). Let g = 45 - q. Let r = -20 + g. What is the greatest common factor of r and 24?
6
Suppose 8*a - 636 - 7812 = 0. What is the highest common divisor of a and 192?
96
Suppose -19*f + 25*f = 504. What is the greatest common factor of 108 and f?
12
Suppose -5*s + 10*s = k + 1